late the highest common divisor of 8160530 and 770.
70
What is the highest common divisor of 96184 and 9064?
88
What is the highest common factor of 283514499 and 5022?
2511
Calculate the highest common divisor of 1197279 and 2887875.
1359
What is the highest common divisor of 82500 and 58620?
60
What is the greatest common divisor of 1808 and 5174948?
452
Calculate the highest common divisor of 259126452 and 2916.
972
Calculate the highest common factor of 1068649 and 42389.
2231
What is the greatest common factor of 25420 and 92824?
164
Calculate the highest common factor of 247347064 and 64.
8
What is the highest common factor of 35684300 and 3160?
1580
What is the greatest common divisor of 3547775 and 26600?
3325
Calculate the highest common factor of 20812 and 699380.
484
Calculate the greatest common divisor of 70752 and 35706.
66
What is the highest common factor of 88 and 5267072?
8
Calculate the highest common divisor of 21933 and 13135430.
2437
What is the greatest common factor of 84661244 and 3235?
647
What is the greatest common factor of 43502827 and 2582?
1291
Calculate the greatest common divisor of 49 and 1698256.
7
What is the highest common factor of 27859748 and 63?
7
What is the highest common divisor of 114700 and 315684?
148
What is the greatest common factor of 12126532 and 8?
4
Calculate the highest common factor of 366619135 and 5.
5
What is the highest common factor of 1882 and 44270286?
1882
What is the greatest common factor of 1140 and 6392892?
228
What is the greatest common divisor of 2930313 and 3344?
19
What is the highest common factor of 25610890 and 40?
10
What is the highest common divisor of 852 and 23010461?
71
Calculate the highest common factor of 192376 and 44634.
346
What is the highest common divisor of 26 and 12749084?
2
What is the greatest common factor of 351 and 219316851?
117
Calculate the highest common factor of 2997 and 10961102.
37
What is the highest common factor of 164256 and 6088608?
2784
What is the greatest common factor of 4424 and 226576?
56
Calculate the greatest common divisor of 219645 and 1305.
45
What is the highest common factor of 3334 and 20219043?
1667
What is the greatest common factor of 225495 and 93510?
45
Calculate the greatest common divisor of 13799644 and 2536.
1268
Calculate the greatest common factor of 23191747 and 353.
353
Calculate the highest common divisor of 36 and 126486.
18
What is the greatest common factor of 4387795 and 1455?
485
What is the highest common divisor of 518164 and 68564?
1124
What is the highest common divisor of 1184 and 1159358?
74
Calculate the highest common factor of 375946127 and 173.
173
Calculate the highest common divisor of 85 and 523861783.
17
What is the greatest common factor of 1679326 and 176?
22
What is the greatest common factor of 6600154 and 946?
22
What is the highest common divisor of 756 and 2524230?
54
Calculate the greatest common divisor of 27622 and 1949122.
14
Calculate the highest common divisor of 2709 and 12714111.
387
Calculate the highest common factor of 1955680 and 1280.
160
What is the highest common divisor of 33270 and 2143697?
1109
What is the greatest common divisor of 56343 and 438585?
21
What is the greatest common factor of 5048 and 4245999?
631
What is the greatest common divisor of 821963 and 3227?
461
What is the highest common divisor of 884500 and 1160?
580
Calculate the highest common factor of 2648436 and 504.
84
Calculate the highest common divisor of 12 and 10085092.
4
What is the greatest common factor of 2912 and 5581303?
91
What is the greatest common factor of 1082 and 10028?
2
What is the highest common factor of 39361 and 62842648?
5623
Calculate the highest common factor of 54645 and 86865.
15
What is the highest common factor of 1236 and 70692711?
309
Calculate the greatest common divisor of 24661 and 10114.
13
Calculate the highest common factor of 43723 and 13639.
23
What is the highest common factor of 47667895 and 55?
55
Calculate the highest common factor of 13538 and 2351744.
1934
Calculate the greatest common divisor of 2080 and 9664720.
1040
Calculate the greatest common factor of 1230 and 1376846830.
410
What is the greatest common divisor of 104120975 and 1575?
175
What is the highest common factor of 7648 and 102104624?
3824
What is the greatest common factor of 38686084 and 748?
68
Calculate the highest common divisor of 69 and 145395213.
69
What is the greatest common divisor of 543605 and 3605135?
3335
What is the highest common factor of 31522225 and 456601?
4189
Calculate the highest common divisor of 3 and 2034987.
3
What is the highest common factor of 4917 and 42603?
33
What is the greatest common factor of 235406502 and 738?
738
What is the highest common divisor of 58816 and 315217?
919
Calculate the highest common factor of 44 and 156151.
1
Calculate the highest common factor of 2054650 and 52320.
1090
Calculate the highest common divisor of 2282 and 21083398.
2282
What is the highest common factor of 601 and 22619236?
601
What is the greatest common divisor of 143509087 and 143973?
15997
Calculate the highest common divisor of 326845 and 346805.
2495
Calculate the greatest common divisor of 364 and 190223514.
26
What is the greatest common factor of 322 and 2740358?
46
Calculate the greatest common divisor of 297051603 and 1016.
127
What is the greatest common factor of 24072 and 6376956?
708
What is the highest common divisor of 304 and 3518363?
19
Calculate the highest common divisor of 704346 and 31506.
534
What is the greatest common divisor of 83544416 and 13092?
4364
Calculate the highest common factor of 381 and 57275349.
381
What is the greatest common divisor of 3635463 and 1164?
291
Calculate the greatest common divisor of 92 and 4481358364.
92
Calculate the greatest common factor of 1973706 and 6258.
42
Calculate the highest common factor of 27100 and 101415788.
1084
What is the highest common factor of 705398 and 799?
17
What is the greatest common divisor of 3030563 and 34111?
443
What is the greatest common factor of 19822924 and 682?
22
What is the highest common divisor of 5070110 and 94570?
1930
What is the highest common divisor of 40 and 16990795?
5
Calculate the greatest common factor of 208 and 34601944.
104
What is the greatest common factor of 51045 and 1511985?
15
Calculate the highest common factor of 4524 and 701860146.
2262
Calculate the highest common divisor of 147380 and 500.
20
Calculate the highest common divisor of 336884 and 4.
4
What is the highest common divisor of 9656 and 11773078?
2414
Calculate the highest common divisor of 88789975 and 50.
25
Calculate the highest common factor of 648 and 897840.
72
Calculate the greatest common divisor of 110168 and 148.
4
Calculate the greatest common divisor of 7582972 and 372.
124
What is the highest common divisor of 36360 and 7899816?
2424
What is the highest common factor of 278800 and 628400?
400
Calculate the highest common divisor of 3807 and 19606779.
81
What is the greatest common factor of 8364 and 212230924?
2788
Calculate the greatest common factor of 8636111 and 11.
11
What is the greatest common divisor of 20941 and 533752?
487
Calculate the highest common factor of 55153303 and 1583.
1583
Calculate the highest common factor of 129785 and 59287.
101
Calculate the greatest common factor of 12603 and 72780.
3
What is the greatest common factor of 575 and 1981975?
25
Calculate the greatest common factor of 40915474 and 8742.
2914
What is the highest common divisor of 144139481 and 4658?
2329
What is the greatest common factor of 1406103555 and 15?
15
What is the greatest common factor of 92502730 and 10?
10
What is the highest common factor of 30697776 and 784?
16
What is the greatest common factor of 387 and 31541634?
9
Calculate the highest common factor of 305912880 and 30.
30
What is the greatest common factor of 759629 and 6461?
923
What is the greatest common factor of 23103438 and 238248?
6618
Calculate the greatest common divisor of 107 and 28076693.
107
Calculate the highest common divisor of 18011 and 26676864.
2573
What is the highest common divisor of 10521 and 1089?
9
Calculate the greatest common factor of 4582851 and 819.
273
Calculate the greatest c